60 (base 12) in base 15?
2626
4465 (base 9) to base 6
23135
What is 455555 (base 6) in base 9?
58288
What is 336 (base 12) in base 2?
111011010
Convert -7370 (base 9) to base 2.
-1010100100001
Convert 8 (base 10) to base 16.
8
Convert 1120000 (base 3) to base 16.
46e
30111 (base 4) to base 16
315
What is 10205 (base 6) in base 12?
965
Convert 2587 (base 9) to base 11.
1506
103d (base 16) to base 7
15056
What is 4140 (base 11) in base 7?
22001
What is -22012 (base 3) in base 13?
-140
Convert -22452 (base 7) to base 8.
-13131
What is -2222 (base 12) in base 16?
-eba
Convert 2010 (base 5) to base 6.
1103
4232 (base 6) to base 16
3bc
Convert -3240 (base 7) to base 2.
-10010000011
Convert 55773 (base 8) to base 10.
23547
Convert 449c (base 14) to base 12.
6a76
-5786 (base 9) to base 3
-12212220
100101011101 (base 2) to base 4
211131
Convert 1221 (base 4) to base 16.
69
-119 (base 12) to base 6
-433
5628 (base 9) to base 2
1000000111101
12b3 (base 14) to base 10
3293
20211 (base 3) to base 11
158
2003122 (base 4) to base 9
12474
Convert 1166 (base 16) to base 9.
6088
What is -13132 (base 7) in base 6?
-24114
What is 131 (base 14) in base 4?
3233
What is -38013 (base 11) in base 10?
-54585
Convert 9b (base 12) to base 4.
1313
Convert -4317 (base 12) to base 10.
-7363
70460 (base 10) to base 6
1302112
Convert -204 (base 8) to base 15.
-8c
Convert 111000001010011 (base 2) to base 9.
43400
-347 (base 11) to base 5
-3124
Convert -6252 (base 16) to base 11.
-17a02
Convert -9593 (base 14) to base 15.
-79a5
Convert -851 (base 10) to base 12.
-5ab
What is -10011 (base 3) in base 9?
-104
Convert 4774 (base 9) to base 11.
2738
1111001011010 (base 2) to base 11
5924
639a (base 15) to base 14
7970
-546 (base 7) to base 13
-186
What is -1000101100 (base 2) in base 14?
-2ba
What is 1156 (base 7) in base 10?
433
5 (base 9) to base 16
5
Convert 3402 (base 9) to base 13.
11b4
16d78 (base 14) to base 5
3320114
-1d06 (base 14) to base 16
-14b2
406 (base 9) to base 5
2310
Convert 120143 (base 5) to base 8.
10507
Convert -19477 (base 10) to base 7.
-110533
What is 294 (base 13) in base 4?
13023
What is -729 (base 14) in base 8?
-2601
Convert -7735 (base 8) to base 7.
-14561
Convert -10111000000 (base 2) to base 13.
-893
-1421131 (base 5) to base 16
-7365
What is -10102121 (base 3) in base 4?
-213010
Convert -1100001101100 (base 2) to base 11.
-4774
What is -a2f (base 16) in base 14?
-d43
17a0 (base 12) to base 11
2167
What is 340400 (base 5) in base 9?
17375
-50 (base 11) to base 3
-2001
What is -31f (base 16) in base 12?
-567
-20100021 (base 3) to base 2
-1001000010000
What is 97 (base 12) in base 4?
1303
791 (base 10) to base 15
37b
What is -a306 (base 11) in base 3?
-200202122
Convert -253 (base 10) to base 6.
-1101
What is -116 (base 10) in base 16?
-74
Convert -2c9 (base 13) to base 14.
-27d
What is -482 (base 10) in base 5?
-3412
What is -122222 (base 4) in base 15?
-78b
What is 808 (base 10) in base 9?
1087
Convert 5620 (base 9) to base 4.
1000311
-53500 (base 6) to base 7
-30210
What is -326610 (base 7) in base 9?
-86880
Convert -2211021022 (base 3) to base 13.
-1c400
What is 9731 (base 11) in base 7?
52331
249a (base 11) to base 14
1287
a21a (base 12) to base 8
42266
-5146 (base 8) to base 13
-129a
What is 56143 (base 8) in base 15?
701b
Convert -30 (base 10) to base 14.
-22
-110000110010 (base 2) to base 9
-4248
Convert 3a0 (base 11) to base 8.
731
What is 1427 (base 8) in base 6?
3355
What is 1c0 (base 15) in base 6?
1513
What is 5224 (base 6) in base 12?
814
-688d (base 14) to base 5
-1040112
4982 (base 10) to base 2
1001101110110
Convert 141 (base 8) to base 4.
1201
-425 (base 15) to base 8
-1647
-217 (base 15) to base 16
-1d8
What is -3312 (base 4) in base 3?
-100010
Convert -1db1 (base 14) to base 5.
-133242
What is 8267 (base 11) in base 6?
122431
Convert -883 (base 16) to base 7.
-6232
-3b99 (base 12) to base 7
-26034
Convert 110100000100 (base 2) to base 6.
23232
What is 2153 (base 11) in base 16?
b19
-78 (base 16) to base 3
-11110
Convert -151001 (base 6) to base 12.
-8461
Convert -8346 (base 10) to base 13.
-3a50
Convert 6026 (base 7) to base 6.
13342
1022222 (base 3) to base 10
971
-100000011000100 (base 2) to base 7
-66224
What is -797 (base 14) in base 15?
-6a5
-1001001110011 (base 2) to base 14
-1a15
Convert 2140 (base 9) to base 2.
11000100111
728 (base 9) to base 7
1505
1ca9 (base 15) to base 8
14132
Convert -54000 (base 6) to base 15.
-2299
Convert -1670 (base 14) to base 11.
-3023
Convert -41571 (base 8) to base 16.
-4379
Convert -11100100 (base 2) to base 6.
-1020
What is -1358 (base 11) in base 7?
-5060
What is -201153 (base 6) in base 3?
-210201120
Convert 1013b (base 14) to base 13.
147a3
93 (base 13) to base 5
440
Convert -133 (base 16) to base 13.
-1a8
Convert 1955 (base 11) to base 7.
10142
What is 210233 (base 5) in base 6?
52051
Convert -14285 (base 10) to base 7.
-56435
What is -288 (base 13) in base 9?
-550
Convert -15638 (base 9) to base 15.
-32a2
Convert -1001101101110 (base 2) to base 7.
-20334
What is 3658 (base 9) in base 12?
16b2
What is -62e8 (base 16) in base 4?
-12023220
What is 2874 (base 12) in base 15?
15d1
Convert 2104 (base 6) to base 16.
1d8
What is 118 (base 12) in base 7?
323
What is 40221 (base 5) in base 7?
10316
Convert -1462b (base 13) to base 7.
-216645
What is 36386 (base 9) in base 8?
57472
Convert -1285 (base 11) to base 3.
-2021201
What is 1cec (base 16) in base 7?
30405
What is -22311 (base 4) in base 8?
-1265
What is -1011111101 (base 2) in base 13?
-46b
Convert -36 (base 14) to base 16.
-30
What is 101101 (base 2) in base 6?
113
Convert -203 (base 15) to base 12.
-319
-1211121 (base 3) to base 5
-20324
985c (base 16) to base 8
114134
Convert 2030112 (base 4) to base 2.
10001100010110
What is -683 (base 10) in base 12?
-48b
What is -2 (base 4) in base 5?
-2
-1198 (base 13) to base 12
-1537
Convert 1001101101100 (base 2) to base 15.
1717
Convert -6777 (base 9) to base 10.
-5011
Convert -1001220 (base 3) to base 16.
-30c
Convert -17 (base 16) to base 7.
-32
Convert 4a6 (base 16) to base 3.
1122002
3323 (base 5) to base 6
2051
-252515 (base 6) to base 10
-22655
Convert -123 (base 13) to base 5.
-1243
75032 (base 8) to base 2
111101000011010
Convert -219a (base 14) to base 3.
-21222120
48c5 (base 13) to base 6
115405
What is 12684 (base 12) in base 13?
b5b1
Convert -1aaa (base 14) to base 5.
-123404
12113203 (base 4) to base 8
62743
What is 1ba (base 12) in base 8?
436
-22050 (base 6) to base 7
-11622
Convert 3550 (base 9) to base 6.
20113
-136 (base 13) to base 14
-114
Convert 60051 (base 7) to base 11.
a93a
-11112001 (base 3) to base 6
-23131
6428 (base 10) to base 4
1210130
Convert 14423 (base 5) to base 11.
a26
-10000101 (base 2) to base 3
-11221
27434 (base 12) to base 15
110c4
What is 6717 (base 9) in base 7?
20311
1010100011 (base 2) to base 16
2a3
What is -110100001 (base 2) in base 4?
-12201
5993 (base 12) to base 5
310142
What is 3661 (base 7) in base 14?
6d8
1341032 (base 5) to base 8
65772
Convert -1000011011 (base 2) to base 7.
-1400
Convert cbbd (base 15) to base 14.
11a25
What is 112320 (base 5) in base 12?
2445
What is 1504 (base 6) in base 9?
484
-241040 (base 5) to base 3
-110012110
-1211 (base 6) to base 10
-295
Convert 2222002 (base 4) to base 8.
25202
What is 1010221 (base 3) in base 11?
69a
32530 (base 7) to base 16
1fdb
Convert -2615 (base 8) to base 6.
-10325
a22 (base 12) to base 13
88a
What is -110110110 (base 2) in base 16?
-1b6
What is -22712 (base 8) in base 4?
-2113022
Convert 11200030 (base 4) to base 16.
580c
Convert -8453 (base 15) to base 6.
-333310
-1dbd (base 15) to base 4
-1211032
What is -13242 (base 7) in base 14?
-1422
What is -1441 (base 5) in base 14?
-138
11365 (base 7) to base 3
11000211
Convert 100101100101 (base 2) to base 7.
10004
-9337 (base 13) to base 16
-4f66
What is -11623 (base 9) in base 3?
-101200210
-13ec (base 16) to base 14
-1c04
105445 (base 6) to base 13
4157
Convert -340 (base 12) to base 8.
-740
What is -c3a (base 13) in base 11?
-1619
What is -20012 (base 3) in base 5?
-1132
Convert -100100202 (base 3) to base 8.
-15250
565 (base 8) to base 13
229
Convert 52884 (base 10) to base 13.
1b0c0
10342 (base 7) to base 8
5022
-31221 (base 4) to base 